{"id":24118,"date":"2025-12-10T13:08:37","date_gmt":"2025-12-10T12:08:37","guid":{"rendered":"https:\/\/www.inmobiliariasanantonio.es\/?post_type=property&#038;p=24118"},"modified":"2025-12-10T13:08:37","modified_gmt":"2025-12-10T12:08:37","slug":"casa-de-pueblo-reformada-en-casco-urbano-de-olocau","status":"publish","type":"property","link":"https:\/\/www.inmobiliariasanantonio.es\/es\/properties\/casa-de-pueblo-reformada-en-casco-urbano-de-olocau\/","title":{"rendered":"Casa de pueblo reformada en casco urbano de Olocau"},"content":{"rendered":"<p>Casa de pueblo reformada en casco urbano de Olocau, con posibilidad de elegir los acabados, c\u00e9ntrica y luminosa.<\/p>\n<p>Vivienda de 119m2. Planta baja destinada a garaje y trastero. Primera planta dispone de sal\u00f3n comedor, cocina y ba\u00f1o. En segunda planta 2 habitaciones dobles con armarios y 1 ba\u00f1o. Terraza solarium de 40m2 con preciosas a la Sierra Calderona.<\/p>\n<p>Olocau es un municipio situado a unos 25 km del mar Mediterr\u00e1neo en la provincia de Valencia, en la comunidad valenciana. Pertenece a la comarca de Camp de T\u00faria.<\/p>\n","protected":false},"author":3,"featured_media":24119,"comment_status":"open","ping_status":"closed","template":"","amenities":[167,148,135,145],"statuses":[118],"locations":[158],"materials":[],"property_types":[213],"class_list":["post-24118","property","type-property","status-publish","has-post-thumbnail","hentry","amenities-cocina-office","amenities-garaje-privado","amenities-terraza","amenities-trastero","statuses-disponible","locations-olocau","property_types-casa-de-pueblo"],"cmb2":{"property_general":{"property_id":"2166","property_year_built":"","property_address":"","property_zip":"","property_contract":"SALE","property_gallery":{"24119":"https:\/\/www.inmobiliariasanantonio.es\/wp-content\/uploads\/2025\/12\/IMG-20251201-WA0025.jpg","24121":"https:\/\/www.inmobiliariasanantonio.es\/wp-content\/uploads\/2025\/12\/IMG-20251201-WA0027.jpg"},"property_plans":{"24121":"https:\/\/www.inmobiliariasanantonio.es\/wp-content\/uploads\/2025\/12\/IMG-20251201-WA0027.jpg"},"property_video":"","property_parent_property":"","property_virtual_tour":""},"property_flags":{"property_featured":"on","property_sticky":"","property_reduced":"","property_sold":""},"property_contact":{"property_contact_name":"","property_contact_phone":""},"property_pricing":{"property_price":"230000","property_price_prefix":"","property_price_suffix":"","property_price_custom":""},"property_attributes":{"property_rooms":"2","property_beds":"","property_baths":"2","property_garages":"","property_home_area":"119","property_lot_dimensions":"","property_lot_area":""},"property_valuation":{"property_valuation_group":""},"property_public_facilities":{"property_public_facilities_group":""},"property_map_location":{"property_map_location":{"latitude":"","longitude":""}},"property_relations":{"property_agents":["3057"]}},"_links":{"self":[{"href":"https:\/\/www.inmobiliariasanantonio.es\/es\/wp-json\/wp\/v2\/property\/24118","targetHints":{"allow":["GET"]}}],"collection":[{"href":"https:\/\/www.inmobiliariasanantonio.es\/es\/wp-json\/wp\/v2\/property"}],"about":[{"href":"https:\/\/www.inmobiliariasanantonio.es\/es\/wp-json\/wp\/v2\/types\/property"}],"author":[{"embeddable":true,"href":"https:\/\/www.inmobiliariasanantonio.es\/es\/wp-json\/wp\/v2\/users\/3"}],"replies":[{"embeddable":true,"href":"https:\/\/www.inmobiliariasanantonio.es\/es\/wp-json\/wp\/v2\/comments?post=24118"}],"wp:featuredmedia":[{"embeddable":true,"href":"https:\/\/www.inmobiliariasanantonio.es\/es\/wp-json\/wp\/v2\/media\/24119"}],"wp:attachment":[{"href":"https:\/\/www.inmobiliariasanantonio.es\/es\/wp-json\/wp\/v2\/media?parent=24118"}],"wp:term":[{"taxonomy":"amenities","embeddable":true,"href":"https:\/\/www.inmobiliariasanantonio.es\/es\/wp-json\/wp\/v2\/amenities?post=24118"},{"taxonomy":"statuses","embeddable":true,"href":"https:\/\/www.inmobiliariasanantonio.es\/es\/wp-json\/wp\/v2\/statuses?post=24118"},{"taxonomy":"locations","embeddable":true,"href":"https:\/\/www.inmobiliariasanantonio.es\/es\/wp-json\/wp\/v2\/locations?post=24118"},{"taxonomy":"materials","embeddable":true,"href":"https:\/\/www.inmobiliariasanantonio.es\/es\/wp-json\/wp\/v2\/materials?post=24118"},{"taxonomy":"property_types","embeddable":true,"href":"https:\/\/www.inmobiliariasanantonio.es\/es\/wp-json\/wp\/v2\/property_types?post=24118"}],"curies":[{"name":"wp","href":"https:\/\/api.w.org\/{rel}","templated":true}]}}

<p>Casa de pueblo reformada en casco urbano de Olocau, con posibilidad de elegir los acabados, céntrica y luminosa.</p>
<p>Vivienda de 119m2. Planta baja destinada a garaje y trastero. Primera planta dispone de salón comedor, cocina y baño. En segunda planta 2 habitaciones dobles con armarios y 1 baño. Terraza solarium de 40m2 con preciosas a la Sierra Calderona.</p>
<p>Olocau es un municipio situado a unos 25 km del mar Mediterráneo en la provincia de Valencia, en la comunidad valenciana. Pertenece a la comarca de Camp de Túria.</p>
