{"id":21264,"date":"2023-08-10T13:54:59","date_gmt":"2023-08-10T11:54:59","guid":{"rendered":"https:\/\/www.inmobiliariasanantonio.es\/?post_type=property&#038;p=21264"},"modified":"2024-04-09T10:41:39","modified_gmt":"2024-04-09T08:41:39","slug":"promocion-de-vivienda-unifamiliar-en-betera","status":"publish","type":"property","link":"https:\/\/www.inmobiliariasanantonio.es\/es\/properties\/promocion-de-vivienda-unifamiliar-en-betera\/","title":{"rendered":"Promoci\u00f3n de vivienda unifamiliar en B\u00e9tera."},"content":{"rendered":"<p><strong>Promoci\u00f3n de vivienda unifamiliar en B\u00e9tera.<\/strong><br \/>\nChalet en construcci\u00f3n, 147m2 construidos en una c\u00f3moda planta, en parcela de 500m2.<\/p>\n<p>Amplio sal\u00f3n comedor con mucha luz natural, cocina abierta, 4 habitaciones y dos ba\u00f1os completos.<br \/>\nPreinstalaci\u00f3n de aire acondicionado por conductos.<br \/>\nPuertas de madera de color blanco. Ventanas de PVC oscilobatientes.<br \/>\nSuelo de gres porcel\u00e1nico.<\/p>\n<p>Excelente ubicaci\u00f3n muy cerca de autov\u00eda y centro comercial. Zona muy tranquila y pr\u00f3xima al pueblo de B\u00e9tera.<br \/>\nJard\u00edn privado con espacio para cochera y piscina.<\/p>\n","protected":false},"author":3,"featured_media":22621,"comment_status":"open","ping_status":"closed","template":"","amenities":[129,140,167,169,137,149,214,168,142,174,135,145,207,136],"statuses":[118],"locations":[221],"materials":[],"property_types":[123],"class_list":["post-21264","property","type-property","status-publish","has-post-thumbnail","hentry","amenities-aire-acondicionado","amenities-cocina-equipada","amenities-cocina-office","amenities-gres-ceramica","amenities-horno","amenities-jardin-privado","amenities-parking-privado","amenities-piscina","amenities-puerta-blindada","amenities-suite-con-bano-2","amenities-terraza","amenities-trastero","amenities-ventanas-doble-acristalamiento","amenities-vistas-a-la-montana","statuses-disponible","locations-betera","property_types-chalet"],"cmb2":{"property_general":{"property_id":"2121","property_year_built":"","property_address":"","property_zip":"","property_contract":"SALE","property_gallery":{"22621":"https:\/\/www.inmobiliariasanantonio.es\/wp-content\/uploads\/2023\/08\/IMG-20231214-WA0011.jpg","22623":"https:\/\/www.inmobiliariasanantonio.es\/wp-content\/uploads\/2023\/08\/IMG-20231214-WA0012.jpg","22617":"https:\/\/www.inmobiliariasanantonio.es\/wp-content\/uploads\/2023\/08\/IMG-20231214-WA0008.jpg","22619":"https:\/\/www.inmobiliariasanantonio.es\/wp-content\/uploads\/2023\/08\/IMG-20231214-WA0009.jpg"},"property_plans":"","property_video":"","property_parent_property":"","property_virtual_tour":""},"property_flags":{"property_featured":"on","property_sticky":"","property_reduced":"","property_sold":""},"property_contact":{"property_contact_name":"","property_contact_phone":""},"property_pricing":{"property_price":"340000","property_price_prefix":"","property_price_suffix":"","property_price_custom":""},"property_attributes":{"property_rooms":"3","property_beds":"","property_baths":"2","property_garages":"","property_home_area":"147","property_lot_dimensions":"","property_lot_area":"500"},"property_valuation":{"property_valuation_group":""},"property_public_facilities":{"property_public_facilities_group":""},"property_map_location":{"property_map_location":{"latitude":"","longitude":""}},"property_relations":{"property_agents":["2081"]}},"_links":{"self":[{"href":"https:\/\/www.inmobiliariasanantonio.es\/es\/wp-json\/wp\/v2\/property\/21264","targetHints":{"allow":["GET"]}}],"collection":[{"href":"https:\/\/www.inmobiliariasanantonio.es\/es\/wp-json\/wp\/v2\/property"}],"about":[{"href":"https:\/\/www.inmobiliariasanantonio.es\/es\/wp-json\/wp\/v2\/types\/property"}],"author":[{"embeddable":true,"href":"https:\/\/www.inmobiliariasanantonio.es\/es\/wp-json\/wp\/v2\/users\/3"}],"replies":[{"embeddable":true,"href":"https:\/\/www.inmobiliariasanantonio.es\/es\/wp-json\/wp\/v2\/comments?post=21264"}],"wp:featuredmedia":[{"embeddable":true,"href":"https:\/\/www.inmobiliariasanantonio.es\/es\/wp-json\/wp\/v2\/media\/22621"}],"wp:attachment":[{"href":"https:\/\/www.inmobiliariasanantonio.es\/es\/wp-json\/wp\/v2\/media?parent=21264"}],"wp:term":[{"taxonomy":"amenities","embeddable":true,"href":"https:\/\/www.inmobiliariasanantonio.es\/es\/wp-json\/wp\/v2\/amenities?post=21264"},{"taxonomy":"statuses","embeddable":true,"href":"https:\/\/www.inmobiliariasanantonio.es\/es\/wp-json\/wp\/v2\/statuses?post=21264"},{"taxonomy":"locations","embeddable":true,"href":"https:\/\/www.inmobiliariasanantonio.es\/es\/wp-json\/wp\/v2\/locations?post=21264"},{"taxonomy":"materials","embeddable":true,"href":"https:\/\/www.inmobiliariasanantonio.es\/es\/wp-json\/wp\/v2\/materials?post=21264"},{"taxonomy":"property_types","embeddable":true,"href":"https:\/\/www.inmobiliariasanantonio.es\/es\/wp-json\/wp\/v2\/property_types?post=21264"}],"curies":[{"name":"wp","href":"https:\/\/api.w.org\/{rel}","templated":true}]}}

Promoción de vivienda unifamiliar en Bétera.

<p><strong>Promoción de vivienda unifamiliar en Bétera.</strong><br />
Chalet en construcción, 147m2 construidos en una cómoda planta, en parcela de 500m2.</p>
<p>Amplio salón comedor con mucha luz natural, cocina abierta, 4 habitaciones y dos baños completos.<br />
Preinstalación de aire acondicionado por conductos.<br />
Puertas de madera de color blanco. Ventanas de PVC oscilobatientes.<br />
Suelo de gres porcelánico.</p>
<p>Excelente ubicación muy cerca de autovía y centro comercial. Zona muy tranquila y próxima al pueblo de Bétera.<br />
Jardín privado con espacio para cochera y piscina.</p>
