{"id":16778,"date":"2022-01-14T11:57:54","date_gmt":"2022-01-14T10:57:54","guid":{"rendered":"https:\/\/www.inmobiliariasanantonio.es\/?post_type=property&#038;p=16778"},"modified":"2022-01-14T11:57:54","modified_gmt":"2022-01-14T10:57:54","slug":"masia-a-reformar-en-el-puig","status":"publish","type":"property","link":"https:\/\/www.inmobiliariasanantonio.es\/es\/properties\/masia-a-reformar-en-el-puig\/","title":{"rendered":"Mas\u00eda a reformar en El Puig"},"content":{"rendered":"<p>Mas\u00eda a reformar, se trata de una tercera parte segregada de la Masia. Tiene jard\u00edn y acci\u00f3n de agua en balsa de riego.<\/p>\n<p>Mas\u00eda a reformar con muchas posibilidades.<\/p>\n<p>Pr\u00f3ximo a carretera Rafelbunyol y Puig.<\/p>\n<p>Ven a verlo<\/p>\n","protected":false},"author":3,"featured_media":16781,"comment_status":"closed","ping_status":"open","template":"","amenities":[226,149,168],"statuses":[118],"locations":[243],"materials":[],"property_types":[123],"class_list":["post-16778","property","type-property","status-publish","has-post-thumbnail","hentry","amenities-chimenea","amenities-jardin-privado","amenities-piscina","statuses-disponible","locations-el-puig","property_types-chalet"],"cmb2":{"property_general":{"property_id":"2028 | 162215473","property_year_built":"","property_address":"","property_zip":"","property_contract":"SALE","property_gallery":{"16781":"https:\/\/www.inmobiliariasanantonio.es\/wp-content\/uploads\/2022\/01\/puig-masia-2028-2.jpg","16779":"https:\/\/www.inmobiliariasanantonio.es\/wp-content\/uploads\/2022\/01\/puig-masia-2028-1.jpg","16783":"https:\/\/www.inmobiliariasanantonio.es\/wp-content\/uploads\/2022\/01\/puig-masia-2028-3.jpg","16785":"https:\/\/www.inmobiliariasanantonio.es\/wp-content\/uploads\/2022\/01\/puig-masia-2028-4.jpg","16787":"https:\/\/www.inmobiliariasanantonio.es\/wp-content\/uploads\/2022\/01\/puig-masia-2028-5.jpg","16789":"https:\/\/www.inmobiliariasanantonio.es\/wp-content\/uploads\/2022\/01\/puig-masia-2028-6.jpg","16791":"https:\/\/www.inmobiliariasanantonio.es\/wp-content\/uploads\/2022\/01\/puig-masia-2028-7.jpg","16793":"https:\/\/www.inmobiliariasanantonio.es\/wp-content\/uploads\/2022\/01\/puig-masia-2028-8.jpg","16795":"https:\/\/www.inmobiliariasanantonio.es\/wp-content\/uploads\/2022\/01\/puig-masia-2028-9.jpg"},"property_plans":"","property_video":"","property_parent_property":"","property_virtual_tour":""},"property_flags":{"property_featured":"","property_sticky":"","property_reduced":"","property_sold":""},"property_contact":{"property_contact_name":"","property_contact_phone":""},"property_pricing":{"property_price":"60000","property_price_prefix":"","property_price_suffix":"","property_price_custom":""},"property_attributes":{"property_rooms":"1","property_beds":"","property_baths":"","property_garages":"","property_home_area":"110","property_lot_dimensions":"","property_lot_area":""},"property_valuation":{"property_valuation_group":""},"property_public_facilities":{"property_public_facilities_group":""},"property_map_location":{"property_map_location":{"latitude":"","longitude":""}},"property_relations":{"property_agents":["15487","2081"]}},"_links":{"self":[{"href":"https:\/\/www.inmobiliariasanantonio.es\/es\/wp-json\/wp\/v2\/property\/16778","targetHints":{"allow":["GET"]}}],"collection":[{"href":"https:\/\/www.inmobiliariasanantonio.es\/es\/wp-json\/wp\/v2\/property"}],"about":[{"href":"https:\/\/www.inmobiliariasanantonio.es\/es\/wp-json\/wp\/v2\/types\/property"}],"author":[{"embeddable":true,"href":"https:\/\/www.inmobiliariasanantonio.es\/es\/wp-json\/wp\/v2\/users\/3"}],"replies":[{"embeddable":true,"href":"https:\/\/www.inmobiliariasanantonio.es\/es\/wp-json\/wp\/v2\/comments?post=16778"}],"wp:featuredmedia":[{"embeddable":true,"href":"https:\/\/www.inmobiliariasanantonio.es\/es\/wp-json\/wp\/v2\/media\/16781"}],"wp:attachment":[{"href":"https:\/\/www.inmobiliariasanantonio.es\/es\/wp-json\/wp\/v2\/media?parent=16778"}],"wp:term":[{"taxonomy":"amenities","embeddable":true,"href":"https:\/\/www.inmobiliariasanantonio.es\/es\/wp-json\/wp\/v2\/amenities?post=16778"},{"taxonomy":"statuses","embeddable":true,"href":"https:\/\/www.inmobiliariasanantonio.es\/es\/wp-json\/wp\/v2\/statuses?post=16778"},{"taxonomy":"locations","embeddable":true,"href":"https:\/\/www.inmobiliariasanantonio.es\/es\/wp-json\/wp\/v2\/locations?post=16778"},{"taxonomy":"materials","embeddable":true,"href":"https:\/\/www.inmobiliariasanantonio.es\/es\/wp-json\/wp\/v2\/materials?post=16778"},{"taxonomy":"property_types","embeddable":true,"href":"https:\/\/www.inmobiliariasanantonio.es\/es\/wp-json\/wp\/v2\/property_types?post=16778"}],"curies":[{"name":"wp","href":"https:\/\/api.w.org\/{rel}","templated":true}]}}

Masía a reformar en El Puig

<p>Masía a reformar, se trata de una tercera parte segregada de la Masia. Tiene jardín y acción de agua en balsa de riego.</p>
<p>Masía a reformar con muchas posibilidades.</p>
<p>Próximo a carretera Rafelbunyol y Puig.</p>
<p>Ven a verlo</p>
