{"id":15105,"date":"2021-07-05T12:05:40","date_gmt":"2021-07-05T10:05:40","guid":{"rendered":"https:\/\/www.inmobiliariasanantonio.es\/?post_type=property&#038;p=15105"},"modified":"2021-10-22T11:01:26","modified_gmt":"2021-10-22T09:01:26","slug":"estupendo-atico-a-pie-de-playa-en-sueca","status":"publish","type":"property","link":"https:\/\/www.inmobiliariasanantonio.es\/es\/properties\/estupendo-atico-a-pie-de-playa-en-sueca\/","title":{"rendered":"Estupendo \u00e1tico a pie de playa en Sueca."},"content":{"rendered":"<p>Estupendo \u00e1tico a pie de playa en Sueca, playa Mareny de Barraquetes en Urbanizaci\u00f3n Bega de Mar. Segundo piso sin ascensor. La playa Mareny de Barraquetes es muy tranquila, sin aglomeraciones.<\/p>\n<p>Vivienda de 80m2, dispone de amplio sal\u00f3n comedor con chimenea, cocina equipada, 3 habitaciones y 1 ba\u00f1o completo. Amplia terraza. Garaje. Trastero. Aire acondicionado.<\/p>\n<p>Excelente ubicaci\u00f3n, pr\u00f3ximo a todos los servicios. Zona muy tranquila con una playa envidiable.<\/p>\n<p>Ven a verlo<\/p>\n","protected":false},"author":3,"featured_media":0,"comment_status":"closed","ping_status":"open","template":"","amenities":[129,131,226,140,171,137,215,180,234,135,145,208],"statuses":[118],"locations":[237],"materials":[],"property_types":[185],"class_list":["post-15105","property","type-property","status-publish","hentry","amenities-aire-acondicionado","amenities-armarios","amenities-chimenea","amenities-cocina-equipada","amenities-electrodomesticos","amenities-horno","amenities-lavadora","amenities-plaza-garage","amenities-primera-linea-de-playa","amenities-terraza","amenities-trastero","amenities-vistas-al-mar","statuses-disponible","locations-sueca","property_types-piso"],"cmb2":{"property_general":{"property_id":"1096 | 160588832","property_year_built":"","property_address":"","property_zip":"","property_contract":"SALE","property_gallery":{"16167":"https:\/\/www.inmobiliariasanantonio.es\/wp-content\/uploads\/2021\/07\/sueca-playa-piso-1096-23-2.jpg","16135":"https:\/\/www.inmobiliariasanantonio.es\/wp-content\/uploads\/2021\/07\/sueca-playa-piso-1096-7-6.jpg","16137":"https:\/\/www.inmobiliariasanantonio.es\/wp-content\/uploads\/2021\/07\/sueca-playa-piso-1096-8-6.jpg","16155":"https:\/\/www.inmobiliariasanantonio.es\/wp-content\/uploads\/2021\/07\/sueca-playa-piso-1096-17-2.jpg","16165":"https:\/\/www.inmobiliariasanantonio.es\/wp-content\/uploads\/2021\/07\/sueca-playa-piso-1096-22-2.jpg","16157":"https:\/\/www.inmobiliariasanantonio.es\/wp-content\/uploads\/2021\/07\/sueca-playa-piso-1096-18-2.jpg","16139":"https:\/\/www.inmobiliariasanantonio.es\/wp-content\/uploads\/2021\/07\/sueca-playa-piso-1096-9-5.jpg","16141":"https:\/\/www.inmobiliariasanantonio.es\/wp-content\/uploads\/2021\/07\/sueca-playa-piso-1096-10-5.jpg","16123":"https:\/\/www.inmobiliariasanantonio.es\/wp-content\/uploads\/2021\/07\/sueca-playa-piso-1096-1-7.jpg","16151":"https:\/\/www.inmobiliariasanantonio.es\/wp-content\/uploads\/2021\/07\/sueca-playa-piso-1096-15-3.jpg","16125":"https:\/\/www.inmobiliariasanantonio.es\/wp-content\/uploads\/2021\/07\/sueca-playa-piso-1096-2-7.jpg","16147":"https:\/\/www.inmobiliariasanantonio.es\/wp-content\/uploads\/2021\/07\/sueca-playa-piso-1096-13-4.jpg","16143":"https:\/\/www.inmobiliariasanantonio.es\/wp-content\/uploads\/2021\/07\/sueca-playa-piso-1096-11-1.jpg","16149":"https:\/\/www.inmobiliariasanantonio.es\/wp-content\/uploads\/2021\/07\/sueca-playa-piso-1096-14-4.jpg","16127":"https:\/\/www.inmobiliariasanantonio.es\/wp-content\/uploads\/2021\/07\/sueca-playa-piso-1096-3-7.jpg","16129":"https:\/\/www.inmobiliariasanantonio.es\/wp-content\/uploads\/2021\/07\/sueca-playa-piso-1096-4-7.jpg","16131":"https:\/\/www.inmobiliariasanantonio.es\/wp-content\/uploads\/2021\/07\/sueca-playa-piso-1096-5-2.jpg","16133":"https:\/\/www.inmobiliariasanantonio.es\/wp-content\/uploads\/2021\/07\/sueca-playa-piso-1096-6-7.jpg","16153":"https:\/\/www.inmobiliariasanantonio.es\/wp-content\/uploads\/2021\/07\/sueca-playa-piso-1096-16-2.jpg","16163":"https:\/\/www.inmobiliariasanantonio.es\/wp-content\/uploads\/2021\/07\/sueca-playa-piso-1096-21-2.jpg"},"property_plans":"","property_video":"","property_parent_property":"","property_virtual_tour":""},"property_flags":{"property_featured":"on","property_sticky":"","property_reduced":"","property_sold":""},"property_contact":{"property_contact_name":"","property_contact_phone":""},"property_pricing":{"property_price":"129000","property_price_prefix":"","property_price_suffix":"","property_price_custom":""},"property_attributes":{"property_rooms":"3","property_beds":"","property_baths":"1","property_garages":"","property_home_area":"80","property_lot_dimensions":"","property_lot_area":""},"property_valuation":{"property_valuation_group":""},"property_public_facilities":{"property_public_facilities_group":""},"property_map_location":{"property_map_location":{"latitude":"","longitude":""}},"property_relations":{"property_agents":["15487","3057"]}},"_links":{"self":[{"href":"https:\/\/www.inmobiliariasanantonio.es\/es\/wp-json\/wp\/v2\/property\/15105","targetHints":{"allow":["GET"]}}],"collection":[{"href":"https:\/\/www.inmobiliariasanantonio.es\/es\/wp-json\/wp\/v2\/property"}],"about":[{"href":"https:\/\/www.inmobiliariasanantonio.es\/es\/wp-json\/wp\/v2\/types\/property"}],"author":[{"embeddable":true,"href":"https:\/\/www.inmobiliariasanantonio.es\/es\/wp-json\/wp\/v2\/users\/3"}],"replies":[{"embeddable":true,"href":"https:\/\/www.inmobiliariasanantonio.es\/es\/wp-json\/wp\/v2\/comments?post=15105"}],"wp:attachment":[{"href":"https:\/\/www.inmobiliariasanantonio.es\/es\/wp-json\/wp\/v2\/media?parent=15105"}],"wp:term":[{"taxonomy":"amenities","embeddable":true,"href":"https:\/\/www.inmobiliariasanantonio.es\/es\/wp-json\/wp\/v2\/amenities?post=15105"},{"taxonomy":"statuses","embeddable":true,"href":"https:\/\/www.inmobiliariasanantonio.es\/es\/wp-json\/wp\/v2\/statuses?post=15105"},{"taxonomy":"locations","embeddable":true,"href":"https:\/\/www.inmobiliariasanantonio.es\/es\/wp-json\/wp\/v2\/locations?post=15105"},{"taxonomy":"materials","embeddable":true,"href":"https:\/\/www.inmobiliariasanantonio.es\/es\/wp-json\/wp\/v2\/materials?post=15105"},{"taxonomy":"property_types","embeddable":true,"href":"https:\/\/www.inmobiliariasanantonio.es\/es\/wp-json\/wp\/v2\/property_types?post=15105"}],"curies":[{"name":"wp","href":"https:\/\/api.w.org\/{rel}","templated":true}]}}

Estupendo ático a pie de playa en Sueca.

<p>Estupendo ático a pie de playa en Sueca, playa Mareny de Barraquetes en Urbanización Bega de Mar. Segundo piso sin ascensor. La playa Mareny de Barraquetes es muy tranquila, sin aglomeraciones.</p>
<p>Vivienda de 80m2, dispone de amplio salón comedor con chimenea, cocina equipada, 3 habitaciones y 1 baño completo. Amplia terraza. Garaje. Trastero. Aire acondicionado.</p>
<p>Excelente ubicación, próximo a todos los servicios. Zona muy tranquila con una playa envidiable.</p>
<p>Ven a verlo</p>
